{"id":2134,"date":"2023-01-14T10:07:04","date_gmt":"2023-01-14T10:07:04","guid":{"rendered":"https:\/\/demo.webtend.net\/wp\/jeena\/?page_id=2134"},"modified":"2025-08-11T18:04:52","modified_gmt":"2025-08-11T16:04:52","slug":"qui-sommes-nous","status":"publish","type":"page","link":"https:\/\/barbozaholdings.com\/?page_id=2134","title":{"rendered":"Qui sommes nous"},"content":{"rendered":"\t\t<div data-elementor-type=\"wp-page\" data-elementor-id=\"2134\" class=\"elementor elementor-2134\" data-elementor-post-type=\"page\">\n\t\t\t\t\t\t<section class=\"elementor-section elementor-top-section elementor-element elementor-element-4ca0621 elementor-section-content-middle elementor-section-boxed elementor-section-height-default elementor-section-height-default\" data-id=\"4ca0621\" data-element_type=\"section\" data-e-type=\"section\" data-settings=\"{&quot;background_background&quot;:&quot;classic&quot;}\">\n\t\t\t\t\t\t<div class=\"elementor-container elementor-column-gap-default\">\n\t\t\t\t\t<div class=\"elementor-column elementor-col-50 elementor-top-column elementor-element elementor-element-7619224\" data-id=\"7619224\" data-element_type=\"column\" data-e-type=\"column\">\n\t\t\t<div class=\"elementor-widget-wrap elementor-element-populated\">\n\t\t\t\t\t\t<div class=\"elementor-element elementor-element-4b05f16 elementor-invisible elementor-widget elementor-widget-image\" data-id=\"4b05f16\" data-element_type=\"widget\" data-e-type=\"widget\" data-settings=\"{&quot;_animation&quot;:&quot;fadeInUp&quot;,&quot;_animation_delay&quot;:350}\" data-widget_type=\"image.default\">\n\t\t\t\t<div class=\"elementor-widget-container\">\n\t\t\t\t\t\t\t\t\t\t\t\t\t\t\t<img fetchpriority=\"high\" decoding=\"async\" width=\"683\" height=\"1024\" src=\"https:\/\/barbozaholdings.com\/wp-content\/uploads\/2023\/12\/nettoyage21-683x1024.jpg\" class=\"attachment-large size-large wp-image-2803\" alt=\"barbozaholding\" srcset=\"https:\/\/barbozaholdings.com\/wp-content\/uploads\/2023\/12\/nettoyage21-683x1024.jpg 683w, https:\/\/barbozaholdings.com\/wp-content\/uploads\/2023\/12\/nettoyage21-scaled-600x900.jpg 600w, https:\/\/barbozaholdings.com\/wp-content\/uploads\/2023\/12\/nettoyage21-200x300.jpg 200w, https:\/\/barbozaholdings.com\/wp-content\/uploads\/2023\/12\/nettoyage21-768x1152.jpg 768w, https:\/\/barbozaholdings.com\/wp-content\/uploads\/2023\/12\/nettoyage21-1024x1536.jpg 1024w, https:\/\/barbozaholdings.com\/wp-content\/uploads\/2023\/12\/nettoyage21-1365x2048.jpg 1365w, https:\/\/barbozaholdings.com\/wp-content\/uploads\/2023\/12\/nettoyage21-scaled.jpg 1707w\" sizes=\"(max-width: 683px) 100vw, 683px\" \/>\t\t\t\t\t\t\t\t\t\t\t\t\t\t\t<\/div>\n\t\t\t\t<\/div>\n\t\t\t\t<div class=\"elementor-element elementor-element-68bfb95 elementor-widget__width-initial elementor-absolute elementor-invisible elementor-widget elementor-widget-heading\" data-id=\"68bfb95\" data-element_type=\"widget\" data-e-type=\"widget\" data-settings=\"{&quot;_position&quot;:&quot;absolute&quot;,&quot;_animation&quot;:&quot;fadeInUp&quot;,&quot;_animation_delay&quot;:300}\" data-widget_type=\"heading.default\">\n\t\t\t\t<div class=\"elementor-widget-container\">\n\t\t\t\t\t<h4 class=\"elementor-heading-title elementor-size-default\">Une \u00e9quipe de nettoyage <br>jeune et dynamique \u00e0 votre service.<\/h4>\t\t\t\t<\/div>\n\t\t\t\t<\/div>\n\t\t\t\t\t<\/div>\n\t\t<\/div>\n\t\t\t\t<div class=\"elementor-column elementor-col-50 elementor-top-column elementor-element elementor-element-d61695e\" data-id=\"d61695e\" data-element_type=\"column\" data-e-type=\"column\">\n\t\t\t<div class=\"elementor-widget-wrap elementor-element-populated\">\n\t\t\t\t\t\t<div class=\"elementor-element elementor-element-838a6e7 elementor-widget elementor-widget-jeena-advanced-heading\" data-id=\"838a6e7\" data-element_type=\"widget\" data-e-type=\"widget\" data-widget_type=\"jeena-advanced-heading.default\">\n\t\t\t\t<div class=\"elementor-widget-container\">\n\t\t\t\t\t        <div class=\"jeena-advanced-heading\">\r\n                        <div class=\"subheading\">\r\n                <span >Pr\u00e9sentation <\/span>            <\/div>\r\n                        <h3 class=\"main-heading\"><span class=\"main-text\">BARBOZA HOLDING est une entreprise qui dispose en son sein d'un service de nettoyage des bureaux, Immeubles, appartements, villas, copropri\u00e9t\u00e9s, Commerce, H\u00f4tels et parking.<\/span><\/h3>        <\/div>\r\n        \t\t\t\t<\/div>\n\t\t\t\t<\/div>\n\t\t\t\t<div class=\"elementor-element elementor-element-2076d2e elementor-widget__width-initial elementor-invisible elementor-widget elementor-widget-jeena-info-box\" data-id=\"2076d2e\" data-element_type=\"widget\" data-e-type=\"widget\" data-settings=\"{&quot;_animation&quot;:&quot;fadeInUp&quot;,&quot;_animation_delay&quot;:300}\" data-widget_type=\"jeena-info-box.default\">\n\t\t\t\t<div class=\"elementor-widget-container\">\n\t\t\t\t\t        <div class=\"jeena-info-box text-center icon-top\">\r\n                    <div class=\"box-icon\">\r\n                                                <svg aria-hidden=\"true\" class=\"e-font-icon-svg e-fas-book-reader\" viewBox=\"0 0 512 512\" xmlns=\"http:\/\/www.w3.org\/2000\/svg\"><path d=\"M352 96c0-53.02-42.98-96-96-96s-96 42.98-96 96 42.98 96 96 96 96-42.98 96-96zM233.59 241.1c-59.33-36.32-155.43-46.3-203.79-49.05C13.55 191.13 0 203.51 0 219.14v222.8c0 14.33 11.59 26.28 26.49 27.05 43.66 2.29 131.99 10.68 193.04 41.43 9.37 4.72 20.48-1.71 20.48-11.87V252.56c-.01-4.67-2.32-8.95-6.42-11.46zm248.61-49.05c-48.35 2.74-144.46 12.73-203.78 49.05-4.1 2.51-6.41 6.96-6.41 11.63v245.79c0 10.19 11.14 16.63 20.54 11.9 61.04-30.72 149.32-39.11 192.97-41.4 14.9-.78 26.49-12.73 26.49-27.06V219.14c-.01-15.63-13.56-28.01-29.81-27.09z\"><\/path><\/svg>                                    <\/div>\r\n                    <div class=\"box-content\">\r\n                                <p class=\"description\">Afin d'assurer un travail en toute discr\u00e9tion, les agents d'entretien peuvent \nintervenir en dehors des horaires d\u2019ouverture des bureaux pour ne pas g\u00eaner \nles salari\u00e9s d'une entreprise. Un agent de nettoyage professionnel est capable \nde travailler rapidement.\nM\u00e9thodique, l'agent est soumis \u00e0 des r\u00e8gles d\u2019hygi\u00e8ne et de s\u00e9curit\u00e9 et respecte \nun planning pr\u00e9cis soumis par la hi\u00e9rarchie.<\/p>                        <a class=\"read-more icon-right\" href=\"#\">\r\n                            <span ><\/span>\r\n                            <i aria-hidden=\"true\" class=\"fas fa-long-arrow-right\"><\/i>                        <\/a>\r\n                                    <\/div>\r\n                                <\/div>\r\n        \t\t\t\t<\/div>\n\t\t\t\t<\/div>\n\t\t\t\t\t<\/div>\n\t\t<\/div>\n\t\t\t\t\t<\/div>\n\t\t<\/section>\n\t\t\t\t<section class=\"elementor-section elementor-top-section elementor-element elementor-element-462f503 elementor-section-full_width elementor-hidden-desktop elementor-hidden-tablet elementor-hidden-mobile elementor-section-height-default elementor-section-height-default\" data-id=\"462f503\" data-element_type=\"section\" data-e-type=\"section\" data-settings=\"{&quot;background_background&quot;:&quot;classic&quot;}\">\n\t\t\t\t\t\t<div class=\"elementor-container elementor-column-gap-default\">\n\t\t\t\t\t<div class=\"elementor-column elementor-col-100 elementor-top-column elementor-element elementor-element-0444e6b\" data-id=\"0444e6b\" data-element_type=\"column\" data-e-type=\"column\">\n\t\t\t<div class=\"elementor-widget-wrap elementor-element-populated\">\n\t\t\t\t\t\t<div class=\"elementor-section elementor-inner-section elementor-element elementor-element-1ae7020 elementor-section-boxed elementor-section-height-default elementor-section-height-default\" data-id=\"1ae7020\" data-element_type=\"section\" data-e-type=\"section\">\n\t\t\t\t\t\t<div class=\"elementor-container elementor-column-gap-default\">\n\t\t\t\t\t<div class=\"elementor-column elementor-col-100 elementor-inner-column elementor-element elementor-element-bf96401 elementor-invisible\" data-id=\"bf96401\" data-element_type=\"column\" data-e-type=\"column\" data-settings=\"{&quot;animation&quot;:&quot;fadeInUp&quot;}\">\n\t\t\t<div class=\"elementor-widget-wrap elementor-element-populated\">\n\t\t\t\t\t\t<div class=\"elementor-element elementor-element-72c59c6 elementor-widget elementor-widget-jeena-advanced-heading\" data-id=\"72c59c6\" data-element_type=\"widget\" data-e-type=\"widget\" data-widget_type=\"jeena-advanced-heading.default\">\n\t\t\t\t<div class=\"elementor-widget-container\">\n\t\t\t\t\t        <div class=\"jeena-advanced-heading\">\r\n                        <div class=\"subheading\">\r\n                <span >Team Member<\/span>            <\/div>\r\n                        <h3 class=\"main-heading\"><span class=\"main-text\">Amazing Team Members<\/span><\/h3>        <\/div>\r\n        \t\t\t\t<\/div>\n\t\t\t\t<\/div>\n\t\t\t\t<div class=\"elementor-element elementor-element-bd34e19 elementor-widget elementor-widget-jeena-team\" data-id=\"bd34e19\" data-element_type=\"widget\" data-e-type=\"widget\" data-widget_type=\"jeena-team.default\">\n\t\t\t\t<div class=\"elementor-widget-container\">\n\t\t\t\t\t        <div class=\"jeena-team-members\">\r\n                                    <div class=\"jeena-team-member\">\r\n                        <div class=\"member-content\">\r\n                <h4 class=\"member-name\" >\r\n                    Johnathan P. Bailey                <\/h4>\r\n                <p class=\"job-title\">\r\n                    UX\/UI Designer                <\/p>\r\n                                <div class=\"social-links\">\r\n                    <a href=\"#\"><i class=\"fab fa-facebook-f\"><\/i><\/a><a href=\"#\"><i class=\"fab fa-twitter\"><\/i><\/a><a href=\"#\"><i class=\"fab fa-linkedin-in\"><\/i><\/a><a href=\"#\"><i class=\"fab fa-instagram\"><\/i><\/a>                <\/div>\r\n                            <\/div>\r\n        <\/div>\r\n                <div class=\"jeena-team-member\">\r\n                        <div class=\"member-content\">\r\n                <h4 class=\"member-name\" >\r\n                    Mark M. Hughes                <\/h4>\r\n                <p class=\"job-title\">\r\n                    Web Developer                <\/p>\r\n                                <div class=\"social-links\">\r\n                    <a href=\"#\"><i class=\"fab fa-facebook-f\"><\/i><\/a><a href=\"#\"><i class=\"fab fa-twitter\"><\/i><\/a><a href=\"#\"><i class=\"fab fa-linkedin-in\"><\/i><\/a><a href=\"#\"><i class=\"fab fa-instagram\"><\/i><\/a>                <\/div>\r\n                            <\/div>\r\n        <\/div>\r\n                <div class=\"jeena-team-member\">\r\n                        <div class=\"member-content\">\r\n                <h4 class=\"member-name\" >\r\n                    Donald B. Mitchell                <\/h4>\r\n                <p class=\"job-title\">\r\n                    Software Engineer                <\/p>\r\n                                <div class=\"social-links\">\r\n                    <a href=\"#\"><i class=\"fab fa-facebook-f\"><\/i><\/a><a href=\"#\"><i class=\"fab fa-twitter\"><\/i><\/a><a href=\"#\"><i class=\"fab fa-linkedin-in\"><\/i><\/a><a href=\"#\"><i class=\"fab fa-instagram\"><\/i><\/a>                <\/div>\r\n                            <\/div>\r\n        <\/div>\r\n                <div class=\"jeena-team-member\">\r\n                        <div class=\"member-content\">\r\n                <h4 class=\"member-name\" >\r\n                    Bennie N. Bannister                <\/h4>\r\n                <p class=\"job-title\">\r\n                    Senior Consultant                <\/p>\r\n                                <div class=\"social-links\">\r\n                    <a href=\"#\"><i class=\"fab fa-facebook-f\"><\/i><\/a><a href=\"#\"><i class=\"fab fa-twitter\"><\/i><\/a><a href=\"#\"><i class=\"fab fa-linkedin-in\"><\/i><\/a><a href=\"#\"><i class=\"fab fa-instagram\"><\/i><\/a>                <\/div>\r\n                            <\/div>\r\n        <\/div>\r\n                            <\/div>\r\n        \t\t\t\t<\/div>\n\t\t\t\t<\/div>\n\t\t\t\t\t<\/div>\n\t\t<\/div>\n\t\t\t\t\t<\/div>\n\t\t<\/div>\n\t\t\t\t<div class=\"elementor-element elementor-element-0ae11d4 elementor-widget__width-initial elementor-absolute elementor-widget elementor-widget-image\" data-id=\"0ae11d4\" data-element_type=\"widget\" data-e-type=\"widget\" data-settings=\"{&quot;_position&quot;:&quot;absolute&quot;}\" data-widget_type=\"image.default\">\n\t\t\t\t<div class=\"elementor-widget-container\">\n\t\t\t\t\t\t\t\t\t\t\t\t\t\t\t<img decoding=\"async\" src=\"https:\/\/demo.webtend.net\/wp\/jeena\/wp-content\/uploads\/2023\/01\/team-shape-one.png\" title=\"\" alt=\"\" loading=\"lazy\" \/>\t\t\t\t\t\t\t\t\t\t\t\t\t\t\t<\/div>\n\t\t\t\t<\/div>\n\t\t\t\t<div class=\"elementor-element elementor-element-c88f3fc elementor-widget__width-initial elementor-absolute elementor-widget elementor-widget-image\" data-id=\"c88f3fc\" data-element_type=\"widget\" data-e-type=\"widget\" data-settings=\"{&quot;_position&quot;:&quot;absolute&quot;}\" data-widget_type=\"image.default\">\n\t\t\t\t<div class=\"elementor-widget-container\">\n\t\t\t\t\t\t\t\t\t\t\t\t\t\t\t<img decoding=\"async\" src=\"https:\/\/demo.webtend.net\/wp\/jeena\/wp-content\/uploads\/2023\/01\/team-shape-two.png\" title=\"\" alt=\"\" loading=\"lazy\" \/>\t\t\t\t\t\t\t\t\t\t\t\t\t\t\t<\/div>\n\t\t\t\t<\/div>\n\t\t\t\t\t<\/div>\n\t\t<\/div>\n\t\t\t\t\t<\/div>\n\t\t<\/section>\n\t\t\t\t<section class=\"elementor-section elementor-top-section elementor-element elementor-element-b660fd1 elementor-hidden-desktop elementor-hidden-tablet elementor-hidden-mobile elementor-section-boxed elementor-section-height-default elementor-section-height-default\" data-id=\"b660fd1\" data-element_type=\"section\" data-e-type=\"section\">\n\t\t\t\t\t\t<div class=\"elementor-container elementor-column-gap-default\">\n\t\t\t\t\t<div class=\"elementor-column elementor-col-100 elementor-top-column elementor-element elementor-element-264a56f\" data-id=\"264a56f\" data-element_type=\"column\" data-e-type=\"column\">\n\t\t\t<div class=\"elementor-widget-wrap elementor-element-populated\">\n\t\t\t\t\t\t<div class=\"elementor-element elementor-element-914e61b elementor-invisible elementor-widget elementor-widget-jeena-clients-logo\" data-id=\"914e61b\" data-element_type=\"widget\" data-e-type=\"widget\" data-settings=\"{&quot;slides_per_view&quot;:&quot;5&quot;,&quot;slides_per_view_tablet&quot;:&quot;3&quot;,&quot;_animation&quot;:&quot;fadeInUp&quot;,&quot;slides_per_view_mobile&quot;:2,&quot;slides_to_scroll&quot;:1,&quot;slides_to_scroll_tablet&quot;:1,&quot;slides_to_scroll_mobile&quot;:1,&quot;speed&quot;:500,&quot;autoplay&quot;:&quot;yes&quot;,&quot;autoplay_speed&quot;:5000,&quot;loop&quot;:&quot;yes&quot;}\" data-widget_type=\"jeena-clients-logo.default\">\n\t\t\t\t<div class=\"elementor-widget-container\">\n\t\t\t\t\t        <div class=\"jeena-clients-logo jeena-slider-wrapper\">\r\n                            <div class=\"jeena-slider-active\">\r\n                                        <div class=\"jeena-slider-item\">\r\n                                <div class=\"logo-wrap\">\r\n            <img decoding=\"async\" src=\"https:\/\/demo.webtend.net\/wp\/jeena\/wp-content\/uploads\/2023\/01\/Brands_01.png\" title=\"\" alt=\"\" loading=\"lazy\" \/><a href=\"#\" class=\"item-url\"><\/a>        <\/div>\r\n                            <\/div>\r\n                                        <div class=\"jeena-slider-item\">\r\n                                <div class=\"logo-wrap\">\r\n            <img decoding=\"async\" src=\"https:\/\/barbozaholdings.com\/wp-content\/uploads\/2023\/01\/Brands_02.png\" title=\"Brands_02\" alt=\"Brands_02\" loading=\"lazy\" \/><a href=\"#\" class=\"item-url\"><\/a>        <\/div>\r\n                            <\/div>\r\n                                        <div class=\"jeena-slider-item\">\r\n                                <div class=\"logo-wrap\">\r\n            <img decoding=\"async\" src=\"https:\/\/barbozaholdings.com\/wp-content\/uploads\/2023\/01\/Brands_03.png\" title=\"Brands_03\" alt=\"Brands_03\" loading=\"lazy\" \/><a href=\"#\" class=\"item-url\"><\/a>        <\/div>\r\n                            <\/div>\r\n                                        <div class=\"jeena-slider-item\">\r\n                                <div class=\"logo-wrap\">\r\n            <img decoding=\"async\" src=\"https:\/\/barbozaholdings.com\/wp-content\/uploads\/2023\/01\/Brands_04.png\" title=\"Brands_04\" alt=\"Brands_04\" loading=\"lazy\" \/><a href=\"#\" class=\"item-url\"><\/a>        <\/div>\r\n                            <\/div>\r\n                                        <div class=\"jeena-slider-item\">\r\n                                <div class=\"logo-wrap\">\r\n            <img decoding=\"async\" src=\"https:\/\/barbozaholdings.com\/wp-content\/uploads\/2023\/01\/Brands_05.png\" title=\"Brands_05\" alt=\"Brands_05\" loading=\"lazy\" \/><a href=\"#\" class=\"item-url\"><\/a>        <\/div>\r\n                            <\/div>\r\n                                        <div class=\"jeena-slider-item\">\r\n                                <div class=\"logo-wrap\">\r\n            <img decoding=\"async\" src=\"https:\/\/barbozaholdings.com\/wp-content\/uploads\/2023\/01\/Brands_06.png\" title=\"Brands_06\" alt=\"Brands_06\" loading=\"lazy\" \/><a href=\"#\" class=\"item-url\"><\/a>        <\/div>\r\n                            <\/div>\r\n                                    <\/div>\r\n\r\n                \r\n                \r\n                    <\/div>\r\n        \t\t\t\t<\/div>\n\t\t\t\t<\/div>\n\t\t\t\t\t<\/div>\n\t\t<\/div>\n\t\t\t\t\t<\/div>\n\t\t<\/section>\n\t\t\t\t<\/div>\n\t\t","protected":false},"excerpt":{"rendered":"<p>Une \u00e9quipe de nettoyage jeune et dynamique \u00e0 votre service. Pr\u00e9sentation BARBOZA HOLDING est une entreprise qui dispose en son sein d&rsquo;un service de nettoyage des bureaux, Immeubles, appartements, villas, copropri\u00e9t\u00e9s, Commerce, H\u00f4tels et parking. Afin d&rsquo;assurer un travail en toute discr\u00e9tion, les agents d&rsquo;entretien peuvent intervenir en dehors des horaires d\u2019ouverture des bureaux pour [&hellip;]<\/p>\n","protected":false},"author":1,"featured_media":0,"parent":0,"menu_order":0,"comment_status":"closed","ping_status":"closed","template":"","meta":{"footnotes":""},"class_list":["post-2134","page","type-page","status-publish","hentry"],"_links":{"self":[{"href":"https:\/\/barbozaholdings.com\/index.php?rest_route=\/wp\/v2\/pages\/2134","targetHints":{"allow":["GET"]}}],"collection":[{"href":"https:\/\/barbozaholdings.com\/index.php?rest_route=\/wp\/v2\/pages"}],"about":[{"href":"https:\/\/barbozaholdings.com\/index.php?rest_route=\/wp\/v2\/types\/page"}],"author":[{"embeddable":true,"href":"https:\/\/barbozaholdings.com\/index.php?rest_route=\/wp\/v2\/users\/1"}],"replies":[{"embeddable":true,"href":"https:\/\/barbozaholdings.com\/index.php?rest_route=%2Fwp%2Fv2%2Fcomments&post=2134"}],"version-history":[{"count":38,"href":"https:\/\/barbozaholdings.com\/index.php?rest_route=\/wp\/v2\/pages\/2134\/revisions"}],"predecessor-version":[{"id":3743,"href":"https:\/\/barbozaholdings.com\/index.php?rest_route=\/wp\/v2\/pages\/2134\/revisions\/3743"}],"wp:attachment":[{"href":"https:\/\/barbozaholdings.com\/index.php?rest_route=%2Fwp%2Fv2%2Fmedia&parent=2134"}],"curies":[{"name":"wp","href":"https:\/\/api.w.org\/{rel}","templated":true}]}}