{"id":3236,"date":"2024-02-13T13:42:35","date_gmt":"2024-02-13T12:42:35","guid":{"rendered":"http:\/\/barbozaholdings.com\/mon-clone\/\/\/?page_id=3236"},"modified":"2024-02-20T17:42:53","modified_gmt":"2024-02-20T16:42:53","slug":"produits","status":"publish","type":"page","link":"https:\/\/barbozaholdings.com\/?page_id=3236","title":{"rendered":"Catalogues"},"content":{"rendered":"\t\t<div data-elementor-type=\"wp-page\" data-elementor-id=\"3236\" class=\"elementor elementor-3236\" data-elementor-post-type=\"page\">\n\t\t\t\t<div class=\"elementor-element elementor-element-794b04b e-flex e-con-boxed e-con e-parent\" data-id=\"794b04b\" data-element_type=\"container\" data-e-type=\"container\">\n\t\t\t\t\t<div class=\"e-con-inner\">\n\t\t\t\t<div class=\"elementor-element elementor-element-63b3c68 elementor-widget elementor-widget-heading\" data-id=\"63b3c68\" data-element_type=\"widget\" data-e-type=\"widget\" data-widget_type=\"heading.default\">\n\t\t\t\t<div class=\"elementor-widget-container\">\n\t\t\t\t\t<h2 class=\"elementor-heading-title elementor-size-default\">CATALOGUE DE PRODUITS ET SERVICES<\/h2>\t\t\t\t<\/div>\n\t\t\t\t<\/div>\n\t\t\t\t<div class=\"elementor-element elementor-element-f7970ad elementor-widget elementor-widget-text-editor\" data-id=\"f7970ad\" data-element_type=\"widget\" data-e-type=\"widget\" data-widget_type=\"text-editor.default\">\n\t\t\t\t<div class=\"elementor-widget-container\">\n\t\t\t\t\t\t\t\t\t<b>En plus des produits commercialis\u00e9s, nous mettons \u00e0 la disposition des entreprises, ONG et autres structures un service de nettoiement des bureaux et immeubles en vue de pr\u00e9server la propret\u00e9 des espaces de travail et des espaces communes.\t\t\t\t\t\t\t\t<\/div>\n\t\t\t\t<\/div>\n\t\t\t\t\t<\/div>\n\t\t\t\t<\/div>\n\t\t<div class=\"elementor-element elementor-element-16c065c e-flex e-con-boxed e-con e-parent\" data-id=\"16c065c\" data-element_type=\"container\" data-e-type=\"container\">\n\t\t\t\t\t<div class=\"e-con-inner\">\n\t\t<div class=\"elementor-element elementor-element-45a556e e-con-full e-flex e-con e-child\" data-id=\"45a556e\" data-element_type=\"container\" data-e-type=\"container\">\n\t\t\t\t<div class=\"elementor-element elementor-element-a066f7b elementor-widget elementor-widget-heading\" data-id=\"a066f7b\" data-element_type=\"widget\" data-e-type=\"widget\" data-widget_type=\"heading.default\">\n\t\t\t\t<div class=\"elementor-widget-container\">\n\t\t\t\t\t<h2 class=\"elementor-heading-title elementor-size-default\">Nos prestations peuvent \u00eatre quotidiennes, hebdomadaires ou mensuelles.   <\/h2>\t\t\t\t<\/div>\n\t\t\t\t<\/div>\n\t\t\t\t<div class=\"elementor-element elementor-element-19eb5eb elementor-widget elementor-widget-image\" data-id=\"19eb5eb\" data-element_type=\"widget\" data-e-type=\"widget\" data-widget_type=\"image.default\">\n\t\t\t\t<div class=\"elementor-widget-container\">\n\t\t\t\t\t\t\t\t\t\t\t\t\t\t\t<img fetchpriority=\"high\" decoding=\"async\" width=\"1024\" height=\"683\" src=\"https:\/\/barbozaholdings.com\/wp-content\/uploads\/2023\/12\/nettoyage15-1024x683.jpg\" class=\"attachment-large size-large wp-image-2835\" alt=\"barbozaholding\" srcset=\"https:\/\/barbozaholdings.com\/wp-content\/uploads\/2023\/12\/nettoyage15-1024x683.jpg 1024w, https:\/\/barbozaholdings.com\/wp-content\/uploads\/2023\/12\/nettoyage15-scaled-600x400.jpg 600w, https:\/\/barbozaholdings.com\/wp-content\/uploads\/2023\/12\/nettoyage15-300x200.jpg 300w, https:\/\/barbozaholdings.com\/wp-content\/uploads\/2023\/12\/nettoyage15-768x512.jpg 768w, https:\/\/barbozaholdings.com\/wp-content\/uploads\/2023\/12\/nettoyage15-1536x1024.jpg 1536w, https:\/\/barbozaholdings.com\/wp-content\/uploads\/2023\/12\/nettoyage15-2048x1365.jpg 2048w\" sizes=\"(max-width: 1024px) 100vw, 1024px\" \/>\t\t\t\t\t\t\t\t\t\t\t\t\t\t\t<\/div>\n\t\t\t\t<\/div>\n\t\t\t\t<\/div>\n\t\t<div class=\"elementor-element elementor-element-d2a3103 e-con-full e-flex e-con e-child\" data-id=\"d2a3103\" data-element_type=\"container\" data-e-type=\"container\">\n\t\t\t\t<div class=\"elementor-element elementor-element-d45f58c elementor-widget elementor-widget-jeena-pricing-table\" data-id=\"d45f58c\" data-element_type=\"widget\" data-e-type=\"widget\" data-widget_type=\"jeena-pricing-table.default\">\n\t\t\t\t<div class=\"elementor-widget-container\">\n\t\t\t\t\t        <div class=\"jeena-pricing-table button-before-feature\">\r\n                        <h4 class=\"pricing-table-title\">\r\n                Les services de nettoyage             <\/h4>\r\n                                    <p class=\"pricing-table-subtitle\">\r\n                De bureau et d\u2019immeubles            <\/p>\r\n                                                <div class=\"pricing-table-btn\">\r\n                <a href=\"https:\/\/wa.me\/221781326955?text=Bonjour,%20merci%20pour%20ton%20message%20!%20PROJECTEURS%20SOLAIRES\" target=\"_blank\" class=\"jeena-button hover-normal\">\r\n                    <span >\r\n                        Contactez nous                    <\/span>\r\n                    <span class=\"button-icon icon-align-right\">\r\n                                                <i aria-hidden=\"true\" class=\"far fa-long-arrow-right\"><\/i>                                            <\/span>\r\n                <\/a>\r\n            <\/div>\r\n                                    <ul class=\"pricing-features-list\">\r\n                                                    <li>\r\n                                                <span class=\"feature-icon\">\r\n                                                            <svg aria-hidden=\"true\" class=\"e-font-icon-svg e-fas-caret-right\" viewBox=\"0 0 192 512\" xmlns=\"http:\/\/www.w3.org\/2000\/svg\"><path d=\"M0 384.662V127.338c0-17.818 21.543-26.741 34.142-14.142l128.662 128.662c7.81 7.81 7.81 20.474 0 28.284L34.142 398.804C21.543 411.404 0 402.48 0 384.662z\"><\/path><\/svg>                                                    <\/span>\r\n                                                <span class=\"feature-text\">\r\n                            Nettoyage du mobilier de bureau et du Sol                        <\/span>\r\n                    <\/li>\r\n                                    <li>\r\n                                                <span class=\"feature-icon\">\r\n                                                            <svg aria-hidden=\"true\" class=\"e-font-icon-svg e-fas-caret-right\" viewBox=\"0 0 192 512\" xmlns=\"http:\/\/www.w3.org\/2000\/svg\"><path d=\"M0 384.662V127.338c0-17.818 21.543-26.741 34.142-14.142l128.662 128.662c7.81 7.81 7.81 20.474 0 28.284L34.142 398.804C21.543 411.404 0 402.48 0 384.662z\"><\/path><\/svg>                                                    <\/span>\r\n                                                <span class=\"feature-text\">\r\n                            Nettoyage de la fa\u00e7ade des Immeubles et des espaces communes                        <\/span>\r\n                    <\/li>\r\n                                    <li>\r\n                                                <span class=\"feature-icon\">\r\n                                                            <svg aria-hidden=\"true\" class=\"e-font-icon-svg e-fas-caret-right\" viewBox=\"0 0 192 512\" xmlns=\"http:\/\/www.w3.org\/2000\/svg\"><path d=\"M0 384.662V127.338c0-17.818 21.543-26.741 34.142-14.142l128.662 128.662c7.81 7.81 7.81 20.474 0 28.284L34.142 398.804C21.543 411.404 0 402.48 0 384.662z\"><\/path><\/svg>                                                    <\/span>\r\n                                                <span class=\"feature-text\">\r\n                            Nettoyage des Sanitaires, etc                        <\/span>\r\n                    <\/li>\r\n                                    <li>\r\n                                                <span class=\"feature-icon\">\r\n                                                            <svg aria-hidden=\"true\" class=\"e-font-icon-svg e-fas-caret-right\" viewBox=\"0 0 192 512\" xmlns=\"http:\/\/www.w3.org\/2000\/svg\"><path d=\"M0 384.662V127.338c0-17.818 21.543-26.741 34.142-14.142l128.662 128.662c7.81 7.81 7.81 20.474 0 28.284L34.142 398.804C21.543 411.404 0 402.48 0 384.662z\"><\/path><\/svg>                                                    <\/span>\r\n                                                <span class=\"feature-text\">\r\n                            Nettoyage des vitres, poign\u00e9e de portes, ordinateurs, etc                        <\/span>\r\n                    <\/li>\r\n                            <\/ul>\r\n                                <\/div>\r\n        \t\t\t\t<\/div>\n\t\t\t\t<\/div>\n\t\t\t\t<\/div>\n\t\t\t\t\t<\/div>\n\t\t\t\t<\/div>\n\t\t<div class=\"elementor-element elementor-element-7c61c0e e-flex e-con-boxed e-con e-parent\" data-id=\"7c61c0e\" data-element_type=\"container\" data-e-type=\"container\">\n\t\t\t\t\t<div class=\"e-con-inner\">\n\t\t<div class=\"elementor-element elementor-element-726075e e-con-full e-flex e-con e-child\" data-id=\"726075e\" data-element_type=\"container\" data-e-type=\"container\">\n\t\t\t\t<div class=\"elementor-element elementor-element-7cd19da elementor-widget elementor-widget-image\" data-id=\"7cd19da\" data-element_type=\"widget\" data-e-type=\"widget\" data-widget_type=\"image.default\">\n\t\t\t\t<div class=\"elementor-widget-container\">\n\t\t\t\t\t\t\t\t\t\t\t\t\t\t\t<img decoding=\"async\" width=\"720\" height=\"709\" src=\"https:\/\/barbozaholdings.com\/wp-content\/uploads\/2024\/02\/catalogue.jpg\" class=\"attachment-large size-large wp-image-3271\" alt=\"\" srcset=\"https:\/\/barbozaholdings.com\/wp-content\/uploads\/2024\/02\/catalogue.jpg 720w, https:\/\/barbozaholdings.com\/wp-content\/uploads\/2024\/02\/catalogue-600x591.jpg 600w, https:\/\/barbozaholdings.com\/wp-content\/uploads\/2024\/02\/catalogue-300x295.jpg 300w\" sizes=\"(max-width: 720px) 100vw, 720px\" \/>\t\t\t\t\t\t\t\t\t\t\t\t\t\t\t<\/div>\n\t\t\t\t<\/div>\n\t\t\t\t<\/div>\n\t\t<div class=\"elementor-element elementor-element-13a1756 e-con-full e-flex e-con e-child\" data-id=\"13a1756\" data-element_type=\"container\" data-e-type=\"container\">\n\t\t\t\t<div class=\"elementor-element elementor-element-9a5b29e elementor-widget elementor-widget-jeena-pricing-table\" data-id=\"9a5b29e\" data-element_type=\"widget\" data-e-type=\"widget\" data-widget_type=\"jeena-pricing-table.default\">\n\t\t\t\t<div class=\"elementor-widget-container\">\n\t\t\t\t\t        <div class=\"jeena-pricing-table button-before-feature\">\r\n                        <h4 class=\"pricing-table-title\">\r\n                PROJECTEURS SOLAIRES            <\/h4>\r\n                                                            <div class=\"pricing-table-btn\">\r\n                <a href=\"https:\/\/wa.me\/221781326955?text=Bonjour,%20merci%20pour%20ton%20message%20!%20PROJECTEURS%20SOLAIRES\" class=\"jeena-button hover-normal\">\r\n                    <span >\r\n                        Acheter maintenant                    <\/span>\r\n                    <span class=\"button-icon icon-align-right\">\r\n                                                <i aria-hidden=\"true\" class=\"far fa-long-arrow-right\"><\/i>                                            <\/span>\r\n                <\/a>\r\n            <\/div>\r\n                                    <ul class=\"pricing-features-list\">\r\n                                                    <li>\r\n                                                <span class=\"feature-icon\">\r\n                                                            <svg aria-hidden=\"true\" class=\"e-font-icon-svg e-fas-caret-right\" viewBox=\"0 0 192 512\" xmlns=\"http:\/\/www.w3.org\/2000\/svg\"><path d=\"M0 384.662V127.338c0-17.818 21.543-26.741 34.142-14.142l128.662 128.662c7.81 7.81 7.81 20.474 0 28.284L34.142 398.804C21.543 411.404 0 402.48 0 384.662z\"><\/path><\/svg>                                                    <\/span>\r\n                                                <span class=\"feature-text\">\r\n                            permet de b\u00e9n\u00e9ficier d&#039;un \u00e9clairage ext\u00e9rieur de qualit\u00e9                        <\/span>\r\n                    <\/li>\r\n                            <\/ul>\r\n                                <\/div>\r\n        \t\t\t\t<\/div>\n\t\t\t\t<\/div>\n\t\t\t\t<\/div>\n\t\t\t\t\t<\/div>\n\t\t\t\t<\/div>\n\t\t<div class=\"elementor-element elementor-element-a068b24 e-flex e-con-boxed e-con e-parent\" data-id=\"a068b24\" data-element_type=\"container\" data-e-type=\"container\">\n\t\t\t\t\t<div class=\"e-con-inner\">\n\t\t<div class=\"elementor-element elementor-element-16682f3 e-con-full e-flex e-con e-child\" data-id=\"16682f3\" data-element_type=\"container\" data-e-type=\"container\">\n\t\t\t\t<div class=\"elementor-element elementor-element-6426d70 elementor-widget elementor-widget-image\" data-id=\"6426d70\" data-element_type=\"widget\" data-e-type=\"widget\" data-widget_type=\"image.default\">\n\t\t\t\t<div class=\"elementor-widget-container\">\n\t\t\t\t\t\t\t\t\t\t\t\t\t\t\t<img decoding=\"async\" width=\"540\" height=\"960\" src=\"https:\/\/barbozaholdings.com\/wp-content\/uploads\/2024\/02\/catalogue2.png\" class=\"attachment-large size-large wp-image-3270\" alt=\"\" srcset=\"https:\/\/barbozaholdings.com\/wp-content\/uploads\/2024\/02\/catalogue2.png 540w, https:\/\/barbozaholdings.com\/wp-content\/uploads\/2024\/02\/catalogue2-169x300.png 169w\" sizes=\"(max-width: 540px) 100vw, 540px\" \/>\t\t\t\t\t\t\t\t\t\t\t\t\t\t\t<\/div>\n\t\t\t\t<\/div>\n\t\t\t\t<div class=\"elementor-element elementor-element-7e7067f elementor-widget elementor-widget-jeena-button\" data-id=\"7e7067f\" data-element_type=\"widget\" data-e-type=\"widget\" data-widget_type=\"jeena-button.default\">\n\t\t\t\t<div class=\"elementor-widget-container\">\n\t\t\t\t\t\t\t<div class=\"jeena-button-wrapper\">\r\n\t\t\t<a href=\"https:\/\/wa.me\/221781326955?text=Bonjour,%20merci%20pour%20ton%20message%20!%20PROJECTEURS%20SOLAIRES\" target=\"_blank\" class=\"jeena-button hover-normal\">\r\n\t\t\t\t        <span class=\"button-icon icon-align-right\">\r\n            <i aria-hidden=\"true\" class=\"far fa-long-arrow-right\"><\/i>        <\/span>\r\n                <span class=\"button-text\">\r\n            Acheter maintenant        <\/span>\r\n\t\t\t\t\t<\/a>\r\n\t\t<\/div>\r\n\t\t\t\t\t\t<\/div>\n\t\t\t\t<\/div>\n\t\t\t\t<\/div>\n\t\t<div class=\"elementor-element elementor-element-fa43658 e-con-full e-flex e-con e-child\" data-id=\"fa43658\" data-element_type=\"container\" data-e-type=\"container\">\n\t\t\t\t<div class=\"elementor-element elementor-element-4174b69 elementor-widget elementor-widget-image\" data-id=\"4174b69\" data-element_type=\"widget\" data-e-type=\"widget\" data-widget_type=\"image.default\">\n\t\t\t\t<div class=\"elementor-widget-container\">\n\t\t\t\t\t\t\t\t\t\t\t\t\t\t\t<img loading=\"lazy\" decoding=\"async\" width=\"540\" height=\"960\" src=\"https:\/\/barbozaholdings.com\/wp-content\/uploads\/2024\/02\/catalogue1.jpg\" class=\"attachment-large size-large wp-image-3269\" alt=\"\" srcset=\"https:\/\/barbozaholdings.com\/wp-content\/uploads\/2024\/02\/catalogue1.jpg 540w, https:\/\/barbozaholdings.com\/wp-content\/uploads\/2024\/02\/catalogue1-169x300.jpg 169w\" sizes=\"(max-width: 540px) 100vw, 540px\" \/>\t\t\t\t\t\t\t\t\t\t\t\t\t\t\t<\/div>\n\t\t\t\t<\/div>\n\t\t\t\t<div class=\"elementor-element elementor-element-f99fa62 elementor-widget elementor-widget-jeena-button\" data-id=\"f99fa62\" data-element_type=\"widget\" data-e-type=\"widget\" data-widget_type=\"jeena-button.default\">\n\t\t\t\t<div class=\"elementor-widget-container\">\n\t\t\t\t\t\t\t<div class=\"jeena-button-wrapper\">\r\n\t\t\t<a href=\"https:\/\/wa.me\/221781326955?text=Bonjour,%20merci%20pour%20ton%20message%20!%20PROJECTEURS%20SOLAIRES\" target=\"_blank\" class=\"jeena-button hover-normal\">\r\n\t\t\t\t        <span class=\"button-icon icon-align-right\">\r\n            <i aria-hidden=\"true\" class=\"far fa-long-arrow-right\"><\/i>        <\/span>\r\n                <span class=\"button-text\">\r\n            Acheter maintenant        <\/span>\r\n\t\t\t\t\t<\/a>\r\n\t\t<\/div>\r\n\t\t\t\t\t\t<\/div>\n\t\t\t\t<\/div>\n\t\t\t\t<\/div>\n\t\t<div class=\"elementor-element elementor-element-71a63b3 e-con-full e-flex e-con e-child\" data-id=\"71a63b3\" data-element_type=\"container\" data-e-type=\"container\">\n\t\t\t\t<div class=\"elementor-element elementor-element-aa870d7 elementor-widget elementor-widget-image\" data-id=\"aa870d7\" data-element_type=\"widget\" data-e-type=\"widget\" data-widget_type=\"image.default\">\n\t\t\t\t<div class=\"elementor-widget-container\">\n\t\t\t\t\t\t\t\t\t\t\t\t\t\t\t<img loading=\"lazy\" decoding=\"async\" width=\"540\" height=\"960\" src=\"https:\/\/barbozaholdings.com\/wp-content\/uploads\/2024\/02\/catalogue3.jpg\" class=\"attachment-large size-large wp-image-3268\" alt=\"\" srcset=\"https:\/\/barbozaholdings.com\/wp-content\/uploads\/2024\/02\/catalogue3.jpg 540w, https:\/\/barbozaholdings.com\/wp-content\/uploads\/2024\/02\/catalogue3-169x300.jpg 169w\" sizes=\"(max-width: 540px) 100vw, 540px\" \/>\t\t\t\t\t\t\t\t\t\t\t\t\t\t\t<\/div>\n\t\t\t\t<\/div>\n\t\t\t\t<div class=\"elementor-element elementor-element-f5dd34c elementor-widget elementor-widget-jeena-button\" data-id=\"f5dd34c\" data-element_type=\"widget\" data-e-type=\"widget\" data-widget_type=\"jeena-button.default\">\n\t\t\t\t<div class=\"elementor-widget-container\">\n\t\t\t\t\t\t\t<div class=\"jeena-button-wrapper\">\r\n\t\t\t<a href=\"https:\/\/wa.me\/221781326955?text=Bonjour,%20merci%20pour%20ton%20message%20!%20PROJECTEURS%20SOLAIRES\" target=\"_blank\" class=\"jeena-button hover-normal\">\r\n\t\t\t\t        <span class=\"button-icon icon-align-right\">\r\n            <i aria-hidden=\"true\" class=\"far fa-long-arrow-right\"><\/i>        <\/span>\r\n                <span class=\"button-text\">\r\n            Acheter maintenant        <\/span>\r\n\t\t\t\t\t<\/a>\r\n\t\t<\/div>\r\n\t\t\t\t\t\t<\/div>\n\t\t\t\t<\/div>\n\t\t\t\t<\/div>\n\t\t\t\t\t<\/div>\n\t\t\t\t<\/div>\n\t\t\t\t<\/div>\n\t\t","protected":false},"excerpt":{"rendered":"<p>CATALOGUE DE PRODUITS ET SERVICES En plus des produits commercialis\u00e9s, nous mettons \u00e0 la disposition des entreprises, ONG et autres structures un service de nettoiement des bureaux et immeubles en vue de pr\u00e9server la propret\u00e9 des espaces de travail et des espaces communes. Nos prestations peuvent \u00eatre quotidiennes, hebdomadaires ou mensuelles. Les services de nettoyage [&hellip;]<\/p>\n","protected":false},"author":1,"featured_media":0,"parent":0,"menu_order":0,"comment_status":"closed","ping_status":"closed","template":"","meta":{"footnotes":""},"class_list":["post-3236","page","type-page","status-publish","hentry"],"_links":{"self":[{"href":"https:\/\/barbozaholdings.com\/index.php?rest_route=\/wp\/v2\/pages\/3236","targetHints":{"allow":["GET"]}}],"collection":[{"href":"https:\/\/barbozaholdings.com\/index.php?rest_route=\/wp\/v2\/pages"}],"about":[{"href":"https:\/\/barbozaholdings.com\/index.php?rest_route=\/wp\/v2\/types\/page"}],"author":[{"embeddable":true,"href":"https:\/\/barbozaholdings.com\/index.php?rest_route=\/wp\/v2\/users\/1"}],"replies":[{"embeddable":true,"href":"https:\/\/barbozaholdings.com\/index.php?rest_route=%2Fwp%2Fv2%2Fcomments&post=3236"}],"version-history":[{"count":56,"href":"https:\/\/barbozaholdings.com\/index.php?rest_route=\/wp\/v2\/pages\/3236\/revisions"}],"predecessor-version":[{"id":3454,"href":"https:\/\/barbozaholdings.com\/index.php?rest_route=\/wp\/v2\/pages\/3236\/revisions\/3454"}],"wp:attachment":[{"href":"https:\/\/barbozaholdings.com\/index.php?rest_route=%2Fwp%2Fv2%2Fmedia&parent=3236"}],"curies":[{"name":"wp","href":"https:\/\/api.w.org\/{rel}","templated":true}]}}