{"id":3765,"date":"2025-09-27T15:02:07","date_gmt":"2025-09-27T13:02:07","guid":{"rendered":"https:\/\/barbozaholdings.com\/?post_type=product&#038;p=3765"},"modified":"2025-09-27T15:05:44","modified_gmt":"2025-09-27T13:05:44","slug":"pompe-ac-dc-hybride","status":"publish","type":"product","link":"https:\/\/barbozaholdings.com\/?product=pompe-ac-dc-hybride","title":{"rendered":"Pompe AC\/DC Hybride"},"content":{"rendered":"<section class=\"elementor-section elementor-inner-section elementor-element elementor-element-132f24a elementor-section-full_width elementor-section-height-default elementor-section-height-default\" data-id=\"132f24a\" data-element_type=\"section\">\n<div class=\"elementor-container elementor-column-gap-no\">\n<div class=\"elementor-column elementor-col-50 elementor-inner-column elementor-element elementor-element-6d894db\" data-id=\"6d894db\" data-element_type=\"column\">\n<div class=\"elementor-widget-wrap elementor-element-populated\">\n<div class=\"elementor-element elementor-element-00a81ba elementor-hidden-mobile elementor-widget elementor-widget-wdk-field-value\" data-id=\"00a81ba\" data-element_type=\"widget\" data-widget_type=\"wdk-field-value.default\">\n<div class=\"elementor-widget-container\">\n<div id=\"wdk_el_00a81ba\" class=\"wdk-element\">\n<div class=\"wdk-field-value \"><span class=\"value\">Pompe AC\/DC Hybride 11000W AC380V<\/span><\/div>\n<\/div>\n<\/div>\n<\/div>\n<div class=\"elementor-element elementor-element-f4cdd8f elementor-widget__width-auto elementor-widget elementor-widget-wdk-field-value\" data-id=\"f4cdd8f\" data-element_type=\"widget\" data-widget_type=\"wdk-field-value.default\">\n<div class=\"elementor-widget-container\">\n<div id=\"wdk_el_f4cdd8f\" class=\"wdk-element\">\n<div class=\"wdk-field-value \"><\/div>\n<\/div>\n<\/div>\n<\/div>\n<\/div>\n<\/div>\n<div class=\"elementor-column elementor-col-50 elementor-inner-column elementor-element elementor-element-25587f1\" data-id=\"25587f1\" data-element_type=\"column\">\n<div class=\"elementor-widget-wrap elementor-element-populated\"><\/div>\n<\/div>\n<\/div>\n<\/section>\n<div class=\"elementor-element elementor-element-79993fc elementor-widget elementor-widget-wdk-field-value\" data-id=\"79993fc\" data-element_type=\"widget\" data-widget_type=\"wdk-field-value.default\">\n<div class=\"elementor-widget-container\">\n<div id=\"wdk_el_79993fc\" class=\"wdk-element\">\n<div class=\"wdk-field-value TEXTAREA \">\n<p>Caract\u00e9ristiques techniques :<\/p>\n<p class=\"lazyloaded\">Mod\u00e8le : 6DSC70-120-380\/550-11000-A\/D<\/p>\n<p>Tension : AC380V \/ DC550V<\/p>\n<p>Indice de protection : IP68 (haute r\u00e9sistance \u00e0 l&rsquo;eau et \u00e0 la poussi\u00e8re)<\/p>\n<p>Classe d&rsquo;isolation : F<\/p>\n<p>Puissance nominale : 11 000 W<\/p>\n<p>Vitesse de rotation : 4000 tr\/min<\/p>\n<p>Sortie : 4 pouces<\/p>\n<p>D\u00e9bit maximum : 70 m\u00b3\/h<\/p>\n<p>Hauteur manom\u00e9trique totale (HMT) :<\/p>\n<p>3 L\/min \u279d 120 m<\/p>\n<p>167 L\/min \u279d 115 m<\/p>\n<p>333 L\/min \u279d 98 m<\/p>\n<p>500 L\/min \u279d 79 m<\/p>\n<p>583 L\/min \u279d 71 m<\/p>\n<p>667 L\/min \u279d 63 m<\/p>\n<p>833 L\/min \u279d 42 m<\/p>\n<p>1000 L\/min \u279d 17 m<\/p>\n<p>1167 L\/min \u279d 3 m<\/p>\n<\/div>\n<\/div>\n<\/div>\n<\/div>\n","protected":false},"excerpt":{"rendered":"<p class=\"lazyloaded\">Mod\u00e8le : 6DSC70-120-380\/550-11000-A\/D<\/p>\n<p>Tension : AC380V \/ DC550V<\/p>\n<p>Indice de protection : IP68 (haute r\u00e9sistance \u00e0 l&rsquo;eau et \u00e0 la poussi\u00e8re)<\/p>\n<p>Classe d&rsquo;isolation : F<\/p>\n<p>Puissance nominale : 11 000 W<\/p>\n<p>Vitesse de rotation : 4000 tr\/min<\/p>\n<p>Sortie : 4 pouces<\/p>\n","protected":false},"featured_media":3766,"comment_status":"open","ping_status":"closed","template":"","meta":[],"product_brand":[],"product_cat":[47],"product_tag":[],"class_list":{"0":"post-3765","1":"product","2":"type-product","3":"status-publish","4":"has-post-thumbnail","6":"product_cat-pompes","8":"first","9":"instock","10":"shipping-taxable","11":"product-type-simple"},"_links":{"self":[{"href":"https:\/\/barbozaholdings.com\/index.php?rest_route=\/wp\/v2\/product\/3765","targetHints":{"allow":["GET"]}}],"collection":[{"href":"https:\/\/barbozaholdings.com\/index.php?rest_route=\/wp\/v2\/product"}],"about":[{"href":"https:\/\/barbozaholdings.com\/index.php?rest_route=\/wp\/v2\/types\/product"}],"replies":[{"embeddable":true,"href":"https:\/\/barbozaholdings.com\/index.php?rest_route=%2Fwp%2Fv2%2Fcomments&post=3765"}],"wp:featuredmedia":[{"embeddable":true,"href":"https:\/\/barbozaholdings.com\/index.php?rest_route=\/wp\/v2\/media\/3766"}],"wp:attachment":[{"href":"https:\/\/barbozaholdings.com\/index.php?rest_route=%2Fwp%2Fv2%2Fmedia&parent=3765"}],"wp:term":[{"taxonomy":"product_brand","embeddable":true,"href":"https:\/\/barbozaholdings.com\/index.php?rest_route=%2Fwp%2Fv2%2Fproduct_brand&post=3765"},{"taxonomy":"product_cat","embeddable":true,"href":"https:\/\/barbozaholdings.com\/index.php?rest_route=%2Fwp%2Fv2%2Fproduct_cat&post=3765"},{"taxonomy":"product_tag","embeddable":true,"href":"https:\/\/barbozaholdings.com\/index.php?rest_route=%2Fwp%2Fv2%2Fproduct_tag&post=3765"}],"curies":[{"name":"wp","href":"https:\/\/api.w.org\/{rel}","templated":true}]}}